{"id":56,"date":"2017-10-21T02:39:23","date_gmt":"2017-10-21T02:39:23","guid":{"rendered":"https:\/\/friendly-ride.168-63-79-147.plesk.page\/?page_id=56"},"modified":"2022-06-02T10:15:52","modified_gmt":"2022-06-02T08:15:52","slug":"godkendelser","status":"publish","type":"page","link":"https:\/\/friendly-ride.168-63-79-147.plesk.page\/?page_id=56","title":{"rendered":"Godkendelser"},"content":{"rendered":"<div class=\"fusion-fullwidth fullwidth-box fusion-builder-row-1 nonhundred-percent-fullwidth non-hundred-percent-height-scrolling\" style=\"background-color: #f7f8f9;background-position: left top;background-repeat: no-repeat;padding-top:80px;padding-right:0px;padding-bottom:0px;padding-left:0px;margin-bottom: 0px;margin-top: 0px;border-width: 0px 0px 0px 0px;border-color:#eae9e9;border-style:solid;\" ><div class=\"fusion-builder-row fusion-row\"><div class=\"fusion-layout-column fusion_builder_column fusion-builder-column-0 fusion_builder_column_1_6 1_6 fusion-one-sixth fusion-column-first\" style=\"width:16.666666666667%;width:calc(16.666666666667% - ( ( 4% + 9% ) * 0.16666666666667 ) );margin-right: 4%;margin-top:0px;margin-bottom:20px;\"><div class=\"fusion-column-wrapper fusion-flex-column-wrapper-legacy\" style=\"background-position:left top;background-repeat:no-repeat;-webkit-background-size:cover;-moz-background-size:cover;-o-background-size:cover;background-size:cover;padding: 0px 0px 0px 0px;\"><div class=\"fusion-clearfix\"><\/div><\/div><\/div><div class=\"fusion-layout-column fusion_builder_column fusion-builder-column-1 fusion_builder_column_2_3 2_3 fusion-two-third\" style=\"width:66.666666666667%;width:calc(66.666666666667% - ( ( 4% + 9% ) * 0.66666666666667 ) );margin-right: 9%;margin-top:0px;margin-bottom:20px;\"><div class=\"fusion-column-wrapper fusion-flex-column-wrapper-legacy\" style=\"background-position:left top;background-repeat:no-repeat;-webkit-background-size:cover;-moz-background-size:cover;-o-background-size:cover;background-size:cover;padding: 0px 0px 0px 0px;\"><div class=\"fusion-column-content-centered\"><div class=\"fusion-column-content\"><div class=\"fusion-text fusion-text-1\"><h1 style=\"text-align: center;\">Godkendelser<\/h1>\n<\/div><div class=\"fusion-text fusion-text-2\"><p style=\"text-align: center;\">Forsikring &amp; Pension registrerer produkter, der er testet af et akkrediteret pr\u00f8vningssted p\u00e5 baggrund af en europ\u00e6isk standard. Forsikring &amp; Pension registrerer de produkter, der er til gavn for forsikringsselskaberne.<\/p>\n<\/div><\/div><\/div><div class=\"fusion-clearfix\"><\/div><\/div><\/div><div class=\"fusion-layout-column fusion_builder_column fusion-builder-column-2 fusion_builder_column_1_6 1_6 fusion-one-sixth fusion-column-last\" style=\"width:16.666666666667%;width:calc(16.666666666667% - ( ( 4% + 9% ) * 0.16666666666667 ) );margin-top:0px;margin-bottom:20px;\"><div class=\"fusion-column-wrapper fusion-flex-column-wrapper-legacy\" style=\"background-position:left top;background-repeat:no-repeat;-webkit-background-size:cover;-moz-background-size:cover;-o-background-size:cover;background-size:cover;padding: 0px 0px 0px 0px;\"><div class=\"fusion-clearfix\"><\/div><\/div><\/div><div class=\"fusion-layout-column fusion_builder_column fusion-builder-column-3 fusion_builder_column_1_1 1_1 fusion-one-full fusion-column-first fusion-column-last\" style=\"margin-top:0px;margin-bottom:20px;\"><div class=\"fusion-column-wrapper fusion-flex-column-wrapper-legacy\" style=\"background-position:left top;background-repeat:no-repeat;-webkit-background-size:cover;-moz-background-size:cover;-o-background-size:cover;background-size:cover;padding: 0px 0px 0px 0px;\"><div class=\"fusion-tabs fusion-tabs-1 clean horizontal-tabs icon-position-left\"><style type=\"text\/css\">#wrapper .fusion-tabs.fusion-tabs-1.clean .nav-tabs li a.tab-link{border-color:#ebeaea;}.fusion-tabs.fusion-tabs-1 .nav-tabs li a.tab-link{background-color:#ebeaea;}.fusion-tabs.fusion-tabs-1 .nav-tabs li.active a.tab-link,.fusion-tabs.fusion-tabs-1 .nav-tabs li.active a.tab-link:hover,.fusion-tabs.fusion-tabs-1 .nav-tabs li.active a.tab-link:focus{background-color:#ffffff;}.fusion-tabs.fusion-tabs-1 .nav-tabs li a:hover{background-color:#ffffff;border-top-color:#ffffff;}.fusion-tabs.fusion-tabs-1 .tab-pane{background-color:#ffffff;}.fusion-tabs.fusion-tabs-1 .nav,.fusion-tabs.fusion-tabs-1 .nav-tabs,.fusion-tabs.fusion-tabs-1 .tab-content .tab-pane{border-color:#ebeaea;}<\/style><div class=\"nav\"><ul class=\"nav-tabs nav-justified\" role=\"tablist\"><li class=\"active\"><a class=\"tab-link\" data-toggle=\"tab\" role=\"tab\" aria-controls=\"tab-32ebe85f06d8d3b41af\" aria-selected=\"true\" id=\"fusion-tab-aia-godkendten\u00f8gler\u00f8rogn\u00f8glebokse:\" href=\"#tab-32ebe85f06d8d3b41af\"><h4 class=\"fusion-tab-heading\"><i class=\"fontawesome-icon fa-lock fas\" aria-hidden=\"true\" style=\"font-size:13px;\"><\/i>AIA-godkendte n\u00f8gler\u00f8r og n\u00f8glebokse:<\/h4><\/a><\/li><li><a class=\"tab-link\" data-toggle=\"tab\" role=\"tab\" aria-controls=\"tab-417149fa44ca13a163a\" aria-selected=\"false\" tabindex=\"-1\" id=\"fusion-tab-mekaniskgodkendten\u00f8gler\u00f8rogn\u00f8glebokse\" href=\"#tab-417149fa44ca13a163a\"><h4 class=\"fusion-tab-heading\"><i class=\"fontawesome-icon fa-lock fas\" aria-hidden=\"true\" style=\"font-size:13px;\"><\/i>Mekanisk godkendte n\u00f8gler\u00f8r og n\u00f8glebokse<\/h4><\/a><\/li><\/ul><\/div><div class=\"tab-content\"><div class=\"nav fusion-mobile-tab-nav\"><ul class=\"nav-tabs nav-justified\"><li class=\"active\"><a class=\"tab-link\" data-toggle=\"tab\" role=\"tab\" aria-controls=\"tab-32ebe85f06d8d3b41af\" aria-selected=\"true\" id=\"mobile-fusion-tab-aia-godkendten\u00f8gler\u00f8rogn\u00f8glebokse:\" href=\"#tab-32ebe85f06d8d3b41af\"><h4 class=\"fusion-tab-heading\"><i class=\"fontawesome-icon fa-lock fas\" aria-hidden=\"true\" style=\"font-size:13px;\"><\/i>AIA-godkendte n\u00f8gler\u00f8r og n\u00f8glebokse:<\/h4><\/a><\/li><\/ul><\/div><div class=\"tab-pane fade fusion-clearfix in active\" role=\"tabpanel\" tabindex=\"0\" aria-labelledby=\"fusion-tab-aia-godkendten\u00f8gler\u00f8rogn\u00f8glebokse:\" id=\"tab-32ebe85f06d8d3b41af\">Her kan du se en fortegnelse over de produkter som MVR SECURITY har registreret hos Forsikring &#038; Pension:<\/p>\n<p>Produkterne er testet efter foreskrifterne i SSFN 024:1 og 025:1<\/p>\n<div class=\"table-1\" style=\"margin-bottom: 20px;\">\n<table width=\"100%\">\n<thead>\n<tr>\n<th align=\"left\">Reg. nr.<\/th>\n<th align=\"left\">Produktnavn<\/th>\n<th align=\"left\">Sikringsniveau<\/th>\n<th align=\"left\">Klassifikation<\/th>\n<\/tr>\n<\/thead>\n<tbody>\n<tr>\n<td align=\"left\">10.212-00229<\/td>\n<td align=\"left\">MVR3000 Abloy N\u00f8gler\u00f8r + ekspansion<\/td>\n<td align=\"left\">20-40<\/td>\n<td align=\"left\">BL\u00c5\/KLASS 3<\/td>\n<\/tr>\n<tr>\n<td align=\"left\">10.212-00229<\/td>\n<td align=\"left\">MVR3000 Abloy N\u00f8gler\u00f8r + ankerplade<\/td>\n<td align=\"left\">20-60<\/td>\n<td align=\"left\">R\u00d8D\/KLASS 5<\/td>\n<\/tr>\n<tr>\n<td align=\"left\">10.212-00219<\/td>\n<td align=\"left\">MVR3000 Ruko N\u00f8gler\u00f8r + ekspansion<\/td>\n<td align=\"left\">20-40<\/td>\n<td align=\"left\">BL\u00c5\/KLASS 3<\/td>\n<\/tr>\n<tr>\n<td align=\"left\">10.212-00219<\/td>\n<td align=\"left\">MVR3000 Ruko N\u00f8gler\u00f8r + ankerplade<\/td>\n<td align=\"left\">20-60<\/td>\n<td align=\"left\">R\u00d8D\/KLASS 5<\/td>\n<\/tr>\n<tr>\n<td align=\"left\">10.212-10124<\/td>\n<td align=\"left\">MVR5000 Abloy N\u00f8gleboks + 4 skruer<\/td>\n<td align=\"left\"><\/td>\n<td align=\"left\">BL\u00c5\/KLASS 3<\/td>\n<\/tr>\n<tr>\n<td align=\"left\">10.212-10124<\/td>\n<td align=\"left\">MVR5000 Abloy N\u00f8gleboks + ankerplade<\/td>\n<td align=\"left\"><\/td>\n<td align=\"left\">R\u00d8D\/KLASS 5<\/td>\n<\/tr>\n<tr>\n<td align=\"left\">10.212-11844<\/td>\n<td align=\"left\">MVR7000 N\u00f8gleboks (oval) + 4 skruer<\/td>\n<td align=\"left\"><\/td>\n<td align=\"left\">BL\u00c5\/KLASS 3<\/td>\n<\/tr>\n<tr>\n<td align=\"left\">10.212-11844<\/td>\n<td align=\"left\">MVR7000 N\u00f8gleboks (oval) + ankerplade<\/td>\n<td align=\"left\"><\/td>\n<td align=\"left\">R\u00d8D\/KLASS 5<\/td>\n<\/tr>\n<tr>\n<td align=\"left\">10.212-14817<\/td>\n<td align=\"left\">MVR7000BIG N\u00f8gleboks (oval) + 4 skruer<\/td>\n<td align=\"left\"><\/td>\n<td align=\"left\">BL\u00c5\/KLASS 3<\/td>\n<\/tr>\n<tr>\n<td align=\"left\">10.212-14817<\/td>\n<td align=\"left\">MVR7000BIG N\u00f8gleboks (oval) + ankerplade<\/td>\n<td align=\"left\"><\/td>\n<td align=\"left\">R\u00d8D\/KLASS 5<\/td>\n<\/tr>\n<tr>\n<td align=\"left\">10.212-11846<\/td>\n<td align=\"left\">MVR8000 N\u00f8gler\u00f8r + ekspansion<\/td>\n<td align=\"left\">20-40<\/td>\n<td align=\"left\">BL\u00c5\/KLASS 3<\/td>\n<\/tr>\n<tr>\n<td align=\"left\">10.212-11846<\/td>\n<td align=\"left\">MVR8000 N\u00f8gler\u00f8r + ankerplade<\/td>\n<td align=\"left\">20-60<\/td>\n<td align=\"left\">R\u00d8D\/KLASS 5<\/td>\n<\/tr>\n<tr>\n<td align=\"left\">10.212-11846<\/td>\n<td align=\"left\">MVR8000 N\u00f8gler\u00f8r + lim<\/td>\n<td align=\"left\">20-40<\/td>\n<td align=\"left\">BL\u00c5\/KLASS 3<\/td>\n<\/tr>\n<\/tbody>\n<\/table>\n<\/div>\n<p><a style=\"margin-top: 15px;\" href=\"https:\/\/www.sikringsguiden.dk\/publikationer\/sikringskataloget\/sikringskatalog-kapitel-12\/\" target=\"_blank\" rel=\"noopener noreferrer\">Se anvendelsesomr\u00e5der for n\u00f8gler\u00f8r og n\u00f8glebokse &#8211; Sektion 51<\/a>.<\/p>\n<p><a href=\"http:\/\/info.forsikringogpension.dk\/virksomheder\/fpsikring\/tyveri\/produkter\/Sider\/AIA_produkter.aspx\" target=\"_blank\" rel=\"noopener noreferrer\">Se punktet AIA-n\u00f8gleboks for godkendelsesoversigt.<\/a><\/div><div class=\"nav fusion-mobile-tab-nav\"><ul class=\"nav-tabs nav-justified\"><li><a class=\"tab-link\" data-toggle=\"tab\" role=\"tab\" aria-controls=\"tab-417149fa44ca13a163a\" aria-selected=\"false\" tabindex=\"-1\" id=\"mobile-fusion-tab-mekaniskgodkendten\u00f8gler\u00f8rogn\u00f8glebokse\" href=\"#tab-417149fa44ca13a163a\"><h4 class=\"fusion-tab-heading\"><i class=\"fontawesome-icon fa-lock fas\" aria-hidden=\"true\" style=\"font-size:13px;\"><\/i>Mekanisk godkendte n\u00f8gler\u00f8r og n\u00f8glebokse<\/h4><\/a><\/li><\/ul><\/div><div class=\"tab-pane fade fusion-clearfix\" role=\"tabpanel\" tabindex=\"0\" aria-labelledby=\"fusion-tab-mekaniskgodkendten\u00f8gler\u00f8rogn\u00f8glebokse\" id=\"tab-417149fa44ca13a163a\">Her kan du se en fortegnelse over de mekaniske sikringsprodukter som MVR SECURITY har registreret hos Forsikring &#038; Pension<\/p>\n<p>Produkterne er testet efter foreskrifterne i SSFN 024:1 og 025:1:<\/p>\n<div class=\"table-1\" style=\"margin-bottom: 20px;\">\n<table width=\"100%\">\n<thead>\n<tr>\n<th align=\"left\">Reg. nr.<\/th>\n<th align=\"left\">Produktnavn<\/th>\n<th align=\"left\">Klassifikation<\/th>\n<\/tr>\n<\/thead>\n<tbody>\n<tr>\n<td align=\"left\">10.211-10397<\/td>\n<td align=\"left\">MVR3000 Abloy N\u00f8gler\u00f8r + ekspansion<\/td>\n<td align=\"left\">BL\u00c5\/KLASS 3<\/td>\n<\/tr>\n<tr>\n<td align=\"left\">10.211-10397<\/td>\n<td align=\"left\">MVR3000 Abloy N\u00f8gler\u00f8r + ankerplade<\/td>\n<td align=\"left\">R\u00d8D\/KLASS 5<\/td>\n<\/tr>\n<tr>\n<td align=\"left\">10.211-10183<\/td>\n<td align=\"left\">MVR3000 Ruko N\u00f8gler\u00f8r + ekspansion<\/td>\n<td align=\"left\">BL\u00c5\/KLASS 3<\/td>\n<\/tr>\n<tr>\n<td align=\"left\">10.211-10183<\/td>\n<td align=\"left\">MVR3000 Ruko N\u00f8gler\u00f8r + ankerplade<\/td>\n<td align=\"left\">R\u00d8D\/KLASS 5<\/td>\n<\/tr>\n<tr>\n<td align=\"left\">10.211-00112<\/td>\n<td align=\"left\">MVR5000 Abloy N\u00f8gleboks + 4 skruer<\/td>\n<td align=\"left\">BL\u00c5\/KLASS 3<\/td>\n<\/tr>\n<tr>\n<td align=\"left\">10.211-00112<\/td>\n<td align=\"left\">MVR5000 Abloy N\u00f8gleboks + ankerplade<\/td>\n<td align=\"left\">R\u00d8D\/KLASS 5<\/td>\n<\/tr>\n<tr>\n<td align=\"left\">10.211-11840<\/td>\n<td align=\"left\">MVR7000 N\u00f8gleboks (oval) + 4 skruer<\/td>\n<td align=\"left\">BL\u00c5\/KLASS 3<\/td>\n<\/tr>\n<tr>\n<td align=\"left\">10.211-11840<\/td>\n<td align=\"left\">MVR7000 N\u00f8gleboks (oval) + ankerplade<\/td>\n<td align=\"left\">R\u00d8D\/KLASS 5<\/td>\n<\/tr>\n<tr>\n<td align=\"left\">10.212-14817<\/td>\n<td align=\"left\">MVR7000BIG N\u00f8gleboks (oval) + 4 skruer<\/td>\n<td align=\"left\">BL\u00c5\/KLASS 3<\/td>\n<\/tr>\n<tr>\n<td align=\"left\">10.212-14817<\/td>\n<td align=\"left\">MVR7000BIG N\u00f8gleboks (oval) + ankerplade<\/td>\n<td align=\"left\">R\u00d8D\/KLASS 5<\/td>\n<\/tr>\n<tr>\n<td align=\"left\">10.211-11841<\/td>\n<td align=\"left\">MVR8000 N\u00f8gler\u00f8r + ekspansion<\/td>\n<td align=\"left\">BL\u00c5\/KLASS 3<\/td>\n<\/tr>\n<tr>\n<td align=\"left\">10.211-11841<\/td>\n<td align=\"left\">MVR8000 N\u00f8gler\u00f8r + ankerplade<\/td>\n<td align=\"left\">R\u00d8D\/KLASS 5<\/td>\n<\/tr>\n<tr>\n<td align=\"left\">10.211-11841<\/td>\n<td align=\"left\">MVR8000 N\u00f8gler\u00f8r + lim<\/td>\n<td align=\"left\">BL\u00c5\/KLASS 3<\/td>\n<\/tr>\n<\/tbody>\n<\/table>\n<\/div>\n<p><a style=\"margin-top: 15px;\" href=\"http:\/\/info.forsikringogpension.dk\/virksomheder\/fpsikring\/tyveri\/produkter\/Sider\/mekaniske_sikringsprodukter.aspx\" target=\"_blank\" rel=\"noopener noreferrer\">Se punktet MEK-n\u00f8gleboks for godkendelsesoversigt<\/a>.<\/div><\/div><\/div><div class=\"fusion-clearfix\"><\/div><\/div><\/div><\/div><\/div>\n","protected":false},"excerpt":{"rendered":"","protected":false},"author":1,"featured_media":0,"parent":0,"menu_order":0,"comment_status":"closed","ping_status":"closed","template":"100-width.php","meta":[],"yoast_head":"<!-- This site is optimized with the Yoast SEO plugin v20.11 - https:\/\/yoast.com\/wordpress\/plugins\/seo\/ -->\n<title>Godkendelser &#8902; MVR Security<\/title>\n<meta name=\"robots\" content=\"index, follow, max-snippet:-1, max-image-preview:large, max-video-preview:-1\" \/>\n<link rel=\"canonical\" href=\"https:\/\/friendly-ride.168-63-79-147.plesk.page\/?page_id=56\" \/>\n<meta property=\"og:locale\" content=\"da_DK\" \/>\n<meta property=\"og:type\" content=\"article\" \/>\n<meta property=\"og:title\" content=\"Godkendelser &#8902; MVR Security\" \/>\n<meta property=\"og:url\" content=\"https:\/\/friendly-ride.168-63-79-147.plesk.page\/?page_id=56\" \/>\n<meta property=\"og:site_name\" content=\"MVR Security\" \/>\n<meta property=\"article:modified_time\" content=\"2022-06-02T08:15:52+00:00\" \/>\n<meta name=\"twitter:card\" content=\"summary_large_image\" \/>\n<meta name=\"twitter:label1\" content=\"Estimeret l\u00e6setid\" \/>\n\t<meta name=\"twitter:data1\" content=\"4 minutter\" \/>\n<script type=\"application\/ld+json\" class=\"yoast-schema-graph\">{\"@context\":\"https:\/\/schema.org\",\"@graph\":[{\"@type\":\"WebPage\",\"@id\":\"https:\/\/friendly-ride.168-63-79-147.plesk.page\/?page_id=56\",\"url\":\"https:\/\/friendly-ride.168-63-79-147.plesk.page\/?page_id=56\",\"name\":\"Godkendelser &#8902; MVR Security\",\"isPartOf\":{\"@id\":\"https:\/\/friendly-ride.168-63-79-147.plesk.page\/#website\"},\"datePublished\":\"2017-10-21T02:39:23+00:00\",\"dateModified\":\"2022-06-02T08:15:52+00:00\",\"breadcrumb\":{\"@id\":\"https:\/\/friendly-ride.168-63-79-147.plesk.page\/?page_id=56#breadcrumb\"},\"inLanguage\":\"da-DK\",\"potentialAction\":[{\"@type\":\"ReadAction\",\"target\":[\"https:\/\/friendly-ride.168-63-79-147.plesk.page\/?page_id=56\"]}]},{\"@type\":\"BreadcrumbList\",\"@id\":\"https:\/\/friendly-ride.168-63-79-147.plesk.page\/?page_id=56#breadcrumb\",\"itemListElement\":[{\"@type\":\"ListItem\",\"position\":1,\"name\":\"Hjem\",\"item\":\"https:\/\/friendly-ride.168-63-79-147.plesk.page\/\"},{\"@type\":\"ListItem\",\"position\":2,\"name\":\"Godkendelser\"}]},{\"@type\":\"WebSite\",\"@id\":\"https:\/\/friendly-ride.168-63-79-147.plesk.page\/#website\",\"url\":\"https:\/\/friendly-ride.168-63-79-147.plesk.page\/\",\"name\":\"MVR Security\",\"description\":\"\",\"potentialAction\":[{\"@type\":\"SearchAction\",\"target\":{\"@type\":\"EntryPoint\",\"urlTemplate\":\"https:\/\/friendly-ride.168-63-79-147.plesk.page\/?s={search_term_string}\"},\"query-input\":\"required name=search_term_string\"}],\"inLanguage\":\"da-DK\"}]}<\/script>\n<!-- \/ Yoast SEO plugin. -->","yoast_head_json":{"title":"Godkendelser &#8902; MVR Security","robots":{"index":"index","follow":"follow","max-snippet":"max-snippet:-1","max-image-preview":"max-image-preview:large","max-video-preview":"max-video-preview:-1"},"canonical":"https:\/\/friendly-ride.168-63-79-147.plesk.page\/?page_id=56","og_locale":"da_DK","og_type":"article","og_title":"Godkendelser &#8902; MVR Security","og_url":"https:\/\/friendly-ride.168-63-79-147.plesk.page\/?page_id=56","og_site_name":"MVR Security","article_modified_time":"2022-06-02T08:15:52+00:00","twitter_card":"summary_large_image","twitter_misc":{"Estimeret l\u00e6setid":"4 minutter"},"schema":{"@context":"https:\/\/schema.org","@graph":[{"@type":"WebPage","@id":"https:\/\/friendly-ride.168-63-79-147.plesk.page\/?page_id=56","url":"https:\/\/friendly-ride.168-63-79-147.plesk.page\/?page_id=56","name":"Godkendelser &#8902; MVR Security","isPartOf":{"@id":"https:\/\/friendly-ride.168-63-79-147.plesk.page\/#website"},"datePublished":"2017-10-21T02:39:23+00:00","dateModified":"2022-06-02T08:15:52+00:00","breadcrumb":{"@id":"https:\/\/friendly-ride.168-63-79-147.plesk.page\/?page_id=56#breadcrumb"},"inLanguage":"da-DK","potentialAction":[{"@type":"ReadAction","target":["https:\/\/friendly-ride.168-63-79-147.plesk.page\/?page_id=56"]}]},{"@type":"BreadcrumbList","@id":"https:\/\/friendly-ride.168-63-79-147.plesk.page\/?page_id=56#breadcrumb","itemListElement":[{"@type":"ListItem","position":1,"name":"Hjem","item":"https:\/\/friendly-ride.168-63-79-147.plesk.page\/"},{"@type":"ListItem","position":2,"name":"Godkendelser"}]},{"@type":"WebSite","@id":"https:\/\/friendly-ride.168-63-79-147.plesk.page\/#website","url":"https:\/\/friendly-ride.168-63-79-147.plesk.page\/","name":"MVR Security","description":"","potentialAction":[{"@type":"SearchAction","target":{"@type":"EntryPoint","urlTemplate":"https:\/\/friendly-ride.168-63-79-147.plesk.page\/?s={search_term_string}"},"query-input":"required name=search_term_string"}],"inLanguage":"da-DK"}]}},"_links":{"self":[{"href":"https:\/\/friendly-ride.168-63-79-147.plesk.page\/index.php?rest_route=\/wp\/v2\/pages\/56"}],"collection":[{"href":"https:\/\/friendly-ride.168-63-79-147.plesk.page\/index.php?rest_route=\/wp\/v2\/pages"}],"about":[{"href":"https:\/\/friendly-ride.168-63-79-147.plesk.page\/index.php?rest_route=\/wp\/v2\/types\/page"}],"author":[{"embeddable":true,"href":"https:\/\/friendly-ride.168-63-79-147.plesk.page\/index.php?rest_route=\/wp\/v2\/users\/1"}],"replies":[{"embeddable":true,"href":"https:\/\/friendly-ride.168-63-79-147.plesk.page\/index.php?rest_route=%2Fwp%2Fv2%2Fcomments&post=56"}],"version-history":[{"count":22,"href":"https:\/\/friendly-ride.168-63-79-147.plesk.page\/index.php?rest_route=\/wp\/v2\/pages\/56\/revisions"}],"predecessor-version":[{"id":1960,"href":"https:\/\/friendly-ride.168-63-79-147.plesk.page\/index.php?rest_route=\/wp\/v2\/pages\/56\/revisions\/1960"}],"wp:attachment":[{"href":"https:\/\/friendly-ride.168-63-79-147.plesk.page\/index.php?rest_route=%2Fwp%2Fv2%2Fmedia&parent=56"}],"curies":[{"name":"wp","href":"https:\/\/api.w.org\/{rel}","templated":true}]}}